*h. Let j = -842 + 847. Calculate the highest common divisor of j and h.
1
Let h = -43 + 76. Let y = -25 + 13. Let x be -2*(y - (1 + -2)). What is the greatest common factor of h and x?
11
Let l = 64 - 20. What is the highest common divisor of l and 11?
11
Let g be (-2)/(-9) + (-264)/(-27). What is the highest common divisor of g and 2?
2
Suppose 0 = 5*j + 29 + 11. Let p = j + 11. Suppose -2*g + 45 = p*g. What is the highest common divisor of g and 72?
9
Let s(l) = 0*l + 0*l + 2 - 2*l. Let u(v) = -v - 1. Let y be u(6). Let a be s(y). What is the highest common divisor of 2 and a?
2
Suppose -2*n - 24 = -2*z, -z + 5*n + 0 + 20 = 0. Calculate the greatest common factor of 5 and z.
5
Let p(x) = 2*x + 3. Let a be p(3). Let v(f) = 13*f**2 - 3*f + 2. Let h be v(3). Suppose 2 = -3*r + h. Calculate the highest common factor of r and a.
9
Let d = 6 + -3. Suppose d*z = -s + 24, 0 = -s - s + 3*z + 39. Calculate the highest common factor of s and 14.
7
Let p(d) = d**3 + 13*d**2 - 14*d + 10. Let k be p(-14). Let v be (110/k)/(-1 + 2). What is the highest common factor of v and 55?
11
Suppose u = 0, 5*i - 3*u - 10 = -u. Let h = 4 - i. Suppose p - 270 = -h*p. Calculate the greatest common factor of p and 10.
10
Let d be 0 + 0 + (3 - -107). Let f be -16 + 0 + 1 + 0. Let g be 6/f*-25*1. Calculate the highest common factor of g and d.
10
Let w(p) = 15*p - 5 - 14*p + 0. Let d be w(10). What is the highest common factor of d and 25?
5
Let i = 5 + -2. Suppose p = -i*q + 37, -11 = -q - 0*q + p. Let c be (-3)/((-130)/64 + 2). What is the highest common factor of q and c?
12
Let p = -118 - -133. What is the highest common divisor of 20 and p?
5
Let d = -33 + 161. What is the greatest common factor of d and 32?
32
Let s(z) = 4*z - 14. Let a be s(6). Calculate the highest common divisor of a and 4.
2
Suppose 2*v - 72 = -2*v. Calculate the greatest common divisor of 9 and v.
9
Suppose -4*y + 17 + 7 = 0. Suppose y*w - 5*w - 10 = 0. Calculate the highest common factor of 10 and w.
10
Let x be (-2)/((-2)/21) - -1. Let s = 26 + x. Suppose s = 2*d + 2*d. Calculate the greatest common divisor of 6 and d.
6
Let v(k) = 5*k - 4. Let a be v(4). Let i = a - 3. Suppose 3*l = -z + 26, 2*l - 10 + 36 = z. What is the greatest common factor of z and i?
13
Let p = -27 + 29. Suppose -u + 4*b + 25 = 0, 3*u - 30 + 0 = 3*b. What is the highest common factor of u and p?
1
Let l be (-11)/(55/30) + -2. Let p(v) be the first derivative of -v**2/2 + 4*v + 1. Let d be p(l). What is the greatest common divisor of d and 48?
12
Let g(x) = x**2 - 11*x + 23. Let z be g(13). What is the highest common factor of 196 and z?
49
Let t(j) = -2*j**3 - 3*j**2 - 3*j - 2. Let c be t(-2). Let y = 545 - 505. Calculate the highest common divisor of c and y.
8
Suppose -8 = -3*k + 5*l, k + 4*l + 3 = -17. Let z be 87/2 - 2/k. Calculate the highest common divisor of 4 and z.
4
Let w(q) = q - 4. Let i be w(9). Let p be 10/(-25) + 92/i. Suppose 0 = -3*a + 3, 0 = -5*u + u - 4*a + 28. Calculate the greatest common divisor of u and p.
6
Let o = 45 - 39. Calculate the greatest common factor of o and 30.
6
Let d be (-162)/10 - (-8)/(-10). Let l = d + 45. What is the highest common divisor of 14 and l?
14
Let a be (-32)/(-6)*39/26. Let l = 131 + -91. What is the greatest common factor of l and a?
8
Suppose -7 = -3*a + 20. Let d(c) = -3*c - 9. Let r be d(-9). Let s = r - 9. Calculate the highest common divisor of a and s.
9
Suppose 8 = 2*w - 20. Let i = -56 + 63. Calculate the highest common divisor of i and w.
7
Suppose 5*n - 25 = -2*h, 2 - 1 = n. Let x(c) = -23*c - 3. Let s be x(-5). Suppose s + 98 = 3*g. Calculate the greatest common divisor of g and h.
10
Let q(j) = 2 - 2 + 33*j**2 - 3*j. Suppose 0 = -2*n + 4*n - 4. Let g be q(n). Calculate the highest common factor of g and 14.
14
Let u be (4 - (-7 - 2)) + -2. Calculate the highest common factor of 33 and u.
11
Let f(z) = 3*z + 3. Let l be f(-2). Let y = 6 - l. Suppose 0 = -w + 3. What is the highest common divisor of y and w?
3
Let j(l) = -l**3 + 16*l**2 - 15*l + 8. Let i be j(15). What is the highest common factor of i and 64?
8
Suppose -47 = -3*f - 9*d + 4*d, -3*d + 30 = 2*f. Suppose -f*t = -4*t - 100. Calculate the greatest common divisor of t and 20.
20
Suppose 5*y + 3*r = 14, 3*y - 3*r + 6*r - 12 = 0. Suppose 4*j + y = 29. Calculate the greatest common divisor of 21 and j.
7
Suppose l + 2 = -3. Let q = l - -7. Let y be ((-3)/2)/((-9)/60). Calculate the highest common divisor of y and q.
2
Let v = 9 + -14. Let s = v + 9. Suppose 5*m - 6 + 1 = 4*f, -4*m = -2*f - s. What is the greatest common factor of 1 and m?
1
Let q = 6 + 15. Let r = 36 - q. Let l(t) = -t**3 - 13*t**2 - 16*t - 3. Let f be l(-12). Calculate the greatest common divisor of r and f.
15
Suppose -h - 4 = 3*h, d = 5*h - 10. Let w = 53 - d. Calculate the greatest common divisor of w and 17.
17
Suppose 0*j = -2*k + 5*j - 34, -3*j + 26 = -2*k. Let l be 2/k + 23/7. What is the greatest common divisor of l and 12?
3
Let w(t) = -t**3 - t**2 - t + 16. Let s be w(0). Calculate the highest common factor of s and 72.
8
Let a be (-6)/7*(4 - 18). Let p(i) = -80*i. Let j be p(-2). Suppose -4*b = -544 + j. Calculate the greatest common factor of a and b.
12
Let c(o) be the second derivative of o**3/6 - 90*o**2 - 3*o. Let p be c(0). Let f = 290 + p. What is the highest common factor of 10 and f?
10
Let c(r) = -r**2 - r - 31. Let j be c(0). Suppose 5*b + 3*z = -0*b + 125, z = 0. Let v = b - j. What is the highest common factor of 7 and v?
7
Let q be 8/((-22)/(-6) + -3). Let w = -7 - -11. Suppose w*k + 13 - 125 = -2*m, m + 64 = 2*k. What is the highest common factor of k and q?
6
Let h = -1 + 4. Suppose 2*q = h*y - 32 + 2, -4*y + 57 = 3*q. Calculate the highest common factor of 108 and y.
12
Let p(o) = -o - 10. Let u be p(4). Let k = 4 - u. What is the greatest common divisor of 6 and k?
6
Let z be -4 - (-24)/(-1 + 5). Let o = z + 14. Calculate the greatest common divisor of 80 and o.
16
Let a = 5 + -9. Let f(t) = 13*t - 5. Let v be f(a). Let o = v - -145. What is the highest common factor of o and 8?
8
Let b = 17 + 2. Let f = 152 + -19. Calculate the greatest common factor of b and f.
19
Let d be 46/(-8) - (-2)/(-8). Suppose l - 12 = -3*l. Let o be 6/(((-9)/d)/l). Calculate the greatest common divisor of o and 12.
12
Let g(f) = f**3 - 5*f**2 + 3*f - 6. Let v be g(6). Suppose -4*m + 2*m + v = 0. What is the highest common divisor of m and 12?
12
Let w be 6/(0 + (-12)/(-8)). Suppose 4*t = a + 259, -t + 3*t = w*a + 126. Calculate the greatest common factor of t and 13.
13
Suppose -216 = -4*u - 0*u. Let d be 1/(-2*(-3)/u). What is the highest common factor of 27 and d?
9
Suppose i = 24 - 4. Suppose -4*l - 20 = 5*b - 60, -40 = -5*b - l. Calculate the highest common divisor of i and b.
4
Suppose -3 = -h + 4*u - 32, 2*h = -u - 58. Let r = -13 - h. Calculate the highest common factor of 80 and r.
16
Let i be 36/9 + 4 + -6. Calculate the highest common divisor of i and 2.
2
Let w be 7 + -3 + (185 - (2 + -2)). Let k = 4 + 1. Suppose -k*p - 53 + 158 = 0. What is the highest common factor of w and p?
21
Let g = 217 - 117. Calculate the highest common divisor of g and 40.
20
Suppose -b - 2 = -5. Let q be ((-1)/b)/(3/(-18)). Suppose 5*u = q*u + 3. Calculate the greatest common divisor of 2 and u.
1
Suppose -2*f = r, 0*r - r = 5*f + 3. Let c be -1*1/((-1)/4). Let i = c - r. What is the greatest common divisor of 2 and i?
2
Let c(y) = 6*y - 3*y + 3 + 0*y + y**2. Let b be c(-3). Let s = 65 - 41. What is the highest common divisor of s and b?
3
Let p = 55 + -33. What is the greatest common factor of p and 55?
11
Suppose o - 20 = -3*o. Calculate the greatest common factor of o and 45.
5
Let o be (11/2)/(12/48). What is the highest common factor of 2 and o?
2
Let b(l) = -2*l - 43. Let p be b(-24). Calculate the greatest common factor of p and 5.
5
Let l be -10*-18*(-4)/15. Let b = l - -80. What is the highest common factor of 4 and b?
4
Let t be 2*(-1)/1*-22. Calculate the greatest common factor of 22 and t.
22
Suppose -19*d = -18*d - 54. What is the highest common divisor of d and 6?
6
Let z(y) = 11*y - 22. Let g be z(10). Let r(s) = 12*s**3 - 2*s**2 + 2*s - 1. Let i be r(1). What is the highest common divisor of i and g?
11
Let v = -5